
-24
Evaluate (2 - -1) + 6 + (-7 - -4) + (47 - 0).
53
What is the value of (-6 - -13 - -12) + (-101 - (-29 - -61))?
-114
32 - (109 - 48) - (1 + -5)
-25
Evaluate 20 + (88 - 42) - 120.
-54
Evaluate (-20 - (0 - 8)) + 12 + (1 - -5 - 3).
3
What is -19 + -97 + 39 + 149?
72
What is -104 + 109 + 54 + 2 + -3?
58
What is (-8 + 3 + 46 - (-83 + 62)) + -1 + -10?
51
2 + -104 + (-33 - -203) + -135
-67
What is the value of 16 + (-115 - (7 + -10)) + (82 - 85)?
-99
What is -1 + 1 + 1 - (-2700 - -2749)?
-48
-14 + 0 + (-83 - (41 - 63)) + 5
-70
What is 3 - 42 - (-173 + 123)?
11
-35 + 7 + (-105 + 80 - (3 - 9))
-47
(-6405 - -6408) + (-10 - (0 + 1) - 0) + -2
-10
What is the value of 51 + (-124 - -58) + 97?
82
(-50 - -65) + 13 + -42
-14
What is 68 - ((-8 + 6 - -24) + -4 + (-123 - -114))?
59
What is (2694 - 2708) + (0 - -56)?
42
What is the value of 80 + (74 + -161 - -143)?
136
64 - (212 + -45 + -30)
-73
Evaluate 13 + (-40 - (-4 - -6)) - (-6 - (-2 + 4)).
-21
What is (1 - -28) + (-125 + 80 - 29)?
-45
Evaluate 21 - (-28 - -67) - -66.
48
Evaluate 107 + (-24 - 95) + 2 + 1 + -15.
-24
What is -10 + 53 + (-8 + -4 - (-16 + 12))?
35
10921 + -10935 + (12 - 1) + 0
-3
What is (0 - -7) + 26 + (4 - (2 - 12) - 9)?
38
-19 - (5 - 1) - (-390 - -355)
12
What is (-1 - 3) + 5 + -32?
-31
Calculate 117 - ((-26 - -158) + -67).
52
What is 0 + -48 - (-34 + -133 - -149)?
-30
Calculate (-1 - 9) + -24 + (29 + -26 - 10).
-41
(-5384 - -5444) + (0 - 66)
-6
What is the value of 21 - (-4 + 7) - (-160 + 156)?
22
-12 + (29 - (46 + 6))
-35
Evaluate 47 - (-36 - (23 + -28 + -10)).
68
What is the value of 19678 + -19648 - (138 + -2 + 2)?
-108
What is the value of -9 - (8 + -1 + (-8 - -29)) - 15?
-52
What is the value of 104 + (-101 - (15 - 73))?
61
Calculate 16 - 28 - (47 + -9 + 3 + 4).
-57
What is the value of (21 - 21) + -31 + 41 + -84?
-74
What is (-805 - -864) + (-19 - 0) - (2 - 4)?
42
What is the value of -117 + 15 + -12 + 59?
-55
((1 - -7) + -136 + 140 - 6) + 13
19
1 - 85 - -1 - (-62 + (121 - 39))
-103
What is the value of (11 - 0) + 25 + -25 + -19 + -44?
-52
Evaluate (101 - 106) + (42 - -4 - 0 - (-1 + -1)).
43
Evaluate 21 - (88 + (-43 - -38 - (-1 - -1))).
-62
What is the value of (50 - 87) + 135 + -60?
38
What is the value of 16 - 8 - -8 - 61 - -13?
-32
What is the value of (1 - 17) + 261 + -247 + 46?
44
Evaluate 8 - ((63 - (-16 + 25)) + 1 + -3).
-44
-16 - (-3 - (-18 - -12 - -17)) - (-57 + 1)
54
What is (-15 - (-20 - -16)) + 9?
-2
What is the value of 2 - (-29 + 6) - (89 - 55)?
-9
What is (-8 - (-13 - 5) - 3) + 6?
13
What is the value of -14632 - -14605 - (-1 + 1 + -18)?
-9
What is 1 + 1 - (86 + 0 + -8 - 27)?
-49
(1 + -2 - (23 + -2)) + 250 + -258
-30
What is the value of -44 - ((-44 - 9) + 61)?
-52
Calculate (31 - 1 - 0) + -5 + -5.
20
18 + (17 - ((22 - -5) + -13 + -6))
27
Evaluate -39 + (-62 + 34 - 6 - -16).
-57
-5424 + 5395 + (2 - (44 - 1))
-70
Calculate -92 - (-245 - -114 - -67).
-28
What is the value of (-92 - -108 - (22 - 2)) + (5 + -3 - 8)?
-10
Calculate 50 + (28 - 88) - -45.
35
What is the value of (-1 + -10 - (-535 + 479)) + -29?
16
Calculate -13 - -42 - -6 - (18 - 51).
68
What is 170 + (-68 - (-33 - -59))?
76
(1 + -7 - (46 - 85)) + -115
-82
What is the value of (1 - (24 - 1)) + -9 + 6?
-25
-122 + 1 + -270 + 50 + 252
-89
2 + (-60 - 4) + 96
34
What is the value of (929 - 801) + 3 + -70?
61
Evaluate 12 + 13 + (-35 - 20).
-30
Calculate -157 + (-107 - (-103 - 55)).
-106
What is -190 + (131 - -100) + -79?
-38
What is (-9 - -25) + -19 + -1 - -23?
19
-19 + -1 - (16 + (-17 - -2 - -8)) - -1
-28
Evaluate 5 - (12 + 1 - (-12 - (-28 + 21))).
-13
Evaluate (29 - (21 + -48 + 28)) + 78.
106
What is the value of 16 + 1 + -3 - (15 + (41 - 67))?
25
What is 2 - 4 - (-19 + 1) - (6203 - 6194)?
7
What is -7 + -1 + (-13 - 39) + -4 + 9 + -3?
-58
Evaluate 4 + (-95 - (3 - 0) - (424 + -437)).
-81
Calculate -56 - (-9 + -2 + 1 - (-129 - -113)).
-62
Evaluate -128 - (6 + -29 - (-4 - (1 + 3)) - -1).
-114
What is (1 - (-5 - -24 - (16 - 1))) + 63?
60
Calculate (-16 - (2 + 3 + -3 + -7)) + (14 - 13).
-10
Evaluate (63 - (98 - -1)) + (1 - -1).
-34
What is the value of 49 + -63 + 69 + -8?
47
What is (10 - 10 - (3 + 76)) + (-2 - (-16 - -8))?
-73
What is (-210 - -143) + 0 + (8 + 0 - (-25 - -22))?
-56
Evaluate -40 + 3 + 11 + -111 + 68.
-69
-4 - (4 + 41) - -9 - -165
125
Calculate 80 + 5 - (15 - (28 + -11) - 14).
101
Calculate 23 - 68 - (7 - 3) - (-7 + 1).
-43
Evaluate (-21 - (2 + 2 + 0) - 1) + -5 + 11.
-20
Evaluate -13 - (-5 - (-8 - (5 - 20))).
-1
What is the value of 81 + (35 + -32 - -16 - 7)?
93
Calculate -51 - ((9 - 3) + -167 + 146).
-36
Evaluate -6 + 55 + -30 - -11.
30
Evaluate -43 + 63 + -81 - (-6 - -1 - (2 - 2)).
-56
Evaluate (-43 - (41 + (0 - 93))) + (2 - (-93 - -1)).
103
What is 0 - (-91 + (374 - 363 - (5 + 0)))?
85
What is the value of -265 + 124 + 93 - 54?
-102
7 - (16 + (-25 - -25) + 21)
-30
Evaluate (0 - -5) + (-14 - ((4 - -43) + -14)).
-42
Evaluate -39 + 75 - 73 - -130.
93
Calculate 5 + -1 - (2 + -16 + -1 + 43 + -41).
17
What is 53 - 9 - (-6 + (28 - (-1 + 1 + 9)))?
31
Calculate -2 - -62 - (46 - 12 - 31) - 0.
57
Calculate (-1 - 0) + (79 - (56 + -8)).
30
Calculate -454 + 530 + (23 - (-8 + 17)).
90
What is the value of 3 - ((14 + -4 - 11) + 8 - 24)?
20
What is -1 + (-2 - 6) + (-27 - (-94 - -4))?
54
Calculate -158 + 44 - 3 - 3.
-120
What is -1 - (-20 - 1) - (-369 + 36 - -286)?
67
-9 + 12 + (83 - (-25 + 5)) - 20
86
-11 + (79 + -3 - (-6 + -3 + 14 - -4))
56
Evaluate (1015 - 1036) + (-21 - -10).
-32
37 + -67 + (39 - -6) + 13
28
What is the value of 3 - (-35 - (53 - (42 - 16)))?
65
-25 + 11 + (1 - (5 - 8)) - -20
10
What is the value of -23 + ((9 - (3 + -11)) + 4 - 3 - 7)?
-12
Calculate -14 + (13 - (18 - 7)) + 45.
33
What is the value of 2 + -4 + (3 - (1 + 8) - -12) - 106?
-102
(13 - 7) + (-1 + 23 + -20 - (5 - 0))
3
What is 32 - (44 + -24 + -22 + -13 + 1)?
46
What is the value of 43 + (-79 - -106 - 72)?
-2
What is -1 + 0 + 41 + 1 - (-84 + 234 + -154)?
45
Evaluate -11 + 9 + -19 + -45 + 19 + 11.
-36
-16 - (-4 + 1 - (-10 + 28 - 18))
-13
2 + (8 - (1 + 0)) + -2657 + 2581
-67
21 + (-34 - ((-11 - 36) + 6))
28
31 - 18 - 18 - (-17 - -43)
-31
(5 - 2 - (2 + -3)) + -11 + 140 + -81
52
What is the value of -7 - (73 - -3) - -164?
81
What is the value of 14 + -7 + (1 - 3 - ((50 - 22) + 6))?
-29
Calculate -5 - (-49 + 2 + 7).
35
What is the value of (-33 - -155) + -100 - 79?
-57
Calculate -19 - (-188 - (-72 + -47)).
50
Evaluate (-2 - -18) + (-25 + 16 - 7 - 84).
-84
Evaluate -56 - -78 - 17 - 1.
4
What is the value of (49 + -26 - 39) + -16 + -115?
-147
3 - 3 - (-109 + 100 + 0)
9
What is 9983 + -10044 + (-2 - 28)?
-91
What is 35 - -8 - ((-25 - -13) + 6)?
49
Evaluate -13 + 33 + -70 - (7 + 8).
-65
-44 + -3 + 0 + -15 + -6
-68
Evaluate -65 - (16 - (-5 + (29 - (7 - -16)))).
-80
What is the value of -41 - (-4 + 19 - (28 - 4))?
-32
Evaluate -10 - (13 + (-56 - -20) + -53 + (-1 - -1)).
66
What is the value of (12 - 0 - (61 + -54)) + -6 + 0?
-1
51 + (9 + -4 + 5 - (10 + -2)) + -2
51
Evaluate 0 - (8 + 1 + -19 - 1) - (29 + 4).
-22
Calculate -5 + -1 + (-7 - -1) - (-61 - -16 - 19).
52
Calculate -61 + 34 + (-4 - (5 - -14)).
-50
What is -1 - 4 - (4 - 7)?
-2
16 + (-48 - (-50 + 9)) - -94
103
-72 - (20 - (109 - 54))
-37
(85 - (55 - -36)) + -72
-78
Evaluate 36 - -1 - (-874 + 888).
23
Calculate (7 - 2) + 0 + (31 - 44 - -19).
11
What is (10 + -21 - 4) + -3 + -8 + 18?
-8
Evaluate -180 + -19 + 167 + (-1 - -88).
55
Evaluate -218 - (-307 + 211) - (0 + 11 - 1).
-132
Calculate -72 - ((32 + -88 - -24) + -2 + 21).
-59
Calculate (3 - 8) + -2 - (22 - (-1 + 26)) - -19.
15
What is -19 + (2 - 2) + -17395 + 17396?
-18
Calculate 53 + (-127 + 248 - 56).
118
Evaluate (6 - -39) + -14 - 24.
7
What is -25 + -11 - -22 - (1 + 15)?
-30
What is the value of 141 + (-201 - 15) - -54?
-21
What is the value of -1 - (32 + -60 + 43 - (15 - 2))?
-3
37 + -48 + -34 - -14
-31
(-641 - -601) + -3 + 21
-22
What is the value of (-7 - (19 - 10 - 14)) + 15?
13
What is the value of 0 + -1 + -9 + 36 + -17 + -12?
-3
Calculate -1 + -15 - ((98 - 27) + -58).
-29
Calculate -1 - (42 + -13 + -9 + -8).
-13
Calculate (16 - (-4 + 2) - 3) + (1355 - 1353).
17
71 - (84 + -85 + -29)
101
What is the value of 54 + -95 + 55 - -29?
43
What is the value of (6 + -4 + 6 - 0) + (-7 + -6 - -7)?
2
(133 - (28 + -10)) + (4 - -2) + (-9 - -6)